t(h) = 113*h - 20341. What is t(180)?
-1
Let t(l) = -20*l - 873. What is t(-35)?
-173
Let g(m) = 96*m - 1165. Determine g(12).
-13
Let p(f) = 220*f**3 - 2*f**2 + 15*f - 16. Give p(1).
217
Let a(z) = -397*z + 3079. Determine a(8).
-97
Let c(n) = -117*n - 5393. What is c(-46)?
-11
Let q(o) = 3*o**2 - 357*o - 322. Determine q(120).
38
Let s(l) = -13*l**2 + 73*l - 8. Give s(6).
-38
Let o(n) = 38*n + 31. Calculate o(-2).
-45
Let x(c) = -c**3 - 32*c**2 - 43*c + 532. What is x(-30)?
22
Let z(r) = -18*r + 477. What is z(17)?
171
Let y(m) = 5*m**2 + 10*m - 80. Determine y(6).
160
Let g(p) = -3*p - 85. Calculate g(5).
-100
Let n(u) = -4*u**3 - 50*u**2 + 3*u - 311. Give n(-13).
-12
Let c(z) = -84*z - 11591. Calculate c(-138).
1
Let k(v) = 4*v**3 - 41*v**2 + 64*v - 76. Give k(8).
-140
Let g(h) = 4*h**2 + 443*h + 762. Give g(-109).
-1
Let k(a) = 20*a + 8. Calculate k(-5).
-92
Let v(g) = -105*g + 511. What is v(5)?
-14
Let d(n) = -11*n**2 - 4*n + 90. Calculate d(-4).
-70
Let h(b) = b**3 - 33*b**2 + 36*b - 102. Give h(32).
26
Let p(n) = n**3 + 6*n**2 + 2*n + 67. Determine p(-7).
4
Let g(w) = -w**3 - 43*w**2 + 61*w - 38. Determine g(-45).
1267
Let l(r) = -33*r - 143. Determine l(-4).
-11
Let b(z) = -z**2 + 92*z - 1627. What is b(24)?
5
Let x(o) = -o**2 + 206*o + 1497. Determine x(-7).
6
Let u(l) = l**2 - 97*l - 3045. Determine u(-25).
5
Let z(m) = 3126*m - 13. Give z(0).
-13
Let k(m) = -3048*m - 24378. Calculate k(-8).
6
Let y(r) = -405*r + 1610. What is y(4)?
-10
Let z(m) = 4*m**3 + 5*m**2 + 43*m + 39. Determine z(-1).
-3
Let s(l) = 2*l**2 - 42*l - 211. What is s(-6)?
113
Let v(c) = -2*c**2 + 291*c + 2626. What is v(154)?
8
Let n(h) = h**2 + 61*h + 602. What is n(-12)?
14
Let y(c) = -2*c**2 - 56*c - 512. Determine y(-10).
-152
Let o(s) = -2*s**3 + 26*s**2 - 4*s + 46. What is o(13)?
-6
Let p(u) = -u**3 - 2*u**2 + 11*u - 90. What is p(-10)?
600
Let u(x) = x**2 - 174*x + 5082. Calculate u(37).
13
Let l(q) = 227*q - 686. Give l(3).
-5
Let c(f) = -13*f + 251. What is c(19)?
4
Let n(g) = 31*g**3 - 620*g**2 - g + 27. Determine n(20).
7
Let n(y) = -298*y**2 - 444*y + 443. Give n(1).
-299
Let n(v) = -v**3 + 13*v**2 + 18*v + 57. Determine n(16).
-423
Let u(t) = -t**2 - 109*t - 700. Determine u(-101).
108
Let y(i) = -27*i**2 - i - 40. Give y(0).
-40
Let z(g) = -4*g**3 + 88*g**2 + 35*g - 812. Calculate z(22).
-42
Let z(m) = 7*m**2 - 9*m + 1. Calculate z(-2).
47
Let m(g) = -3*g**2 - 33*g - 32. Determine m(-1).
-2
Let x(n) = -2957*n - 20688. Give x(-7).
11
Let a(w) = 18*w - 197. Give a(17).
109
Let l(v) = 57*v - 5839. Calculate l(101).
-82
Let s(g) = -g**2 + 209*g + 5579. What is s(-24)?
-13
Let k(o) = -4*o**2 - 20*o - 34. Calculate k(-8).
-130
Let t(r) = 117*r + 10. Determine t(2).
244
Let c(f) = f**3 - 44*f**2 - 815*f - 57. Determine c(-14).
-15
Let j(x) = x**2 - 51*x - 156. Calculate j(-3).
6
Let v(t) = 695*t - 12505. Give v(18).
5
Let z(q) = -3*q**3 + 55*q**2 - 134*q + 2223. Determine z(18).
135
Let l(o) = -569*o + 2260. Calculate l(4).
-16
Let z(i) = -i**3 + 21*i**2 - 136*i + 277. Calculate z(9).
25
Let j(l) = -4882*l - 63478. What is j(-13)?
-12
Let b(y) = y**3 - 5*y**2 - 6*y - 16. Determine b(4).
-56
Let d(m) = -m**3 + 23*m**2 + 27*m - 31. Give d(24).
41
Let t(c) = -217*c - 196. Calculate t(-1).
21
Let z(j) = 2*j**3 - 136*j**2 - 29. Give z(68).
-29
Let f(y) = -34*y**2 + 8*y - 11. Determine f(3).
-293
Let l(z) = -66*z - 3832. Determine l(-57).
-70
Let i(q) = q**3 - 8*q**2 + 5*q + 16. Calculate i(3).
-14
Let d(r) = r**3 - 17*r**2 + 38*r - 341. Calculate d(16).
11
Let h(t) = -26*t + 322. Determine h(7).
140
Let f(s) = -s**3 - 8*s**2 - 11*s + 6. Determine f(-4).
-14
Let x(d) = -89*d + 3119. What is x(35)?
4
Let z(w) = -w**3 - 22*w**2 - 7*w + 13. Give z(-22).
167
Let b(g) = -5*g**3 - 215*g**2 - 2*g - 86. What is b(-43)?
0
Let l(t) = t**2 - 54*t + 248. What is l(48)?
-40
Let u(n) = 27*n - 911. Give u(33).
-20
Let f(m) = -m**3 - 64*m**2 + 202*m + 61. Determine f(-67).
-6
Let l(a) = -2*a**3 - 8*a**2 - 8*a - 22. Determine l(-3).
-16
Let s(z) = -926*z - 20375. Calculate s(-22).
-3
Let n(d) = -d**3 + 51*d**2 + 67*d - 58. What is n(52)?
722
Let m(n) = -89*n - 25. Determine m(4).
-381
Let k(b) = b**3 - 33*b**2 - 123*b + 3142. Give k(34).
116
Let u(j) = -18*j - 26. Determine u(4).
-98
Let x(i) = 2*i**2 + 8599*i + 8601. Calculate x(-1).
4
Let f(t) = 19*t**2 + 38*t + 76. Give f(-2).
76
Let y(m) = -21*m**2 - 19*m - 2. What is y(2)?
-124
Let m(y) = 13*y - 506. Give m(39).
1
Let z(c) = 5*c**2 - 65*c + 122. What is z(13)?
122
Let s(n) = -95*n - 4759. What is s(-50)?
-9
Let j(o) = -72*o**2 - 66*o - 65. What is j(-1)?
-71
Let l(b) = 9*b**2 - 48*b - 3786. Give l(-18).
-6
Let i(a) = -321*a + 3569. Determine i(11).
38
Let i(s) = -2*s**3 - 6*s**2 + 7*s - 1. Calculate i(-4).
3
Let l(u) = 2*u**3 - 23*u**2 + 32*u - 10. Calculate l(10).
10
Let a(l) = -17*l - 592. Give a(-35).
3
Let q(h) = 6*h + 65. Determine q(4).
89
Let x(z) = z**2 + 350*z - 2505. Give x(7).
-6
Let x(l) = 39*l**2 - 817*l + 21. Calculate x(21).
63
Let z(r) = -366*r - 3. Calculate z(-1).
363
Let v(t) = t**2 - 307*t - 18272. What is v(-51)?
-14
Let b(l) = l**2 - 14*l - 1289. What is b(-22)?
-497
Let q(v) = 12*v**2 + 102*v - 90. Give q(-9).
-36
Let o(u) = 2*u**3 + 23*u**2 + 4*u - 408. Give o(-7).
5
Let j(s) = -2*s**3 + 5*s**2 - 4*s - 4. What is j(2)?
-8
Let v(n) = 7*n**2 - 520*n + 155. What is v(74)?
7
Let l(u) = -88*u - 880. Give l(-10).
0
Let m(h) = -164*h**2 + 10*h + 12. Calculate m(-1).
-162
Let w(o) = -o**2 - 1118*o + 10140. Calculate w(9).
-3
Let t(s) = 23*s - 620. Give t(27).
1
Let q(l) = -3*l**2 - 35*l - 14. Determine q(-12).
-26
Let p(u) = -u**3 - 3*u**2 + 5*u + 9. What is p(-6)?
87
Let s(m) = -3*m**3 + 8*m**2 - 12*m - 3. Calculate s(3).
-48
Let v(r) = -55*r - 1072. Determine v(-18).
-82
Let b(x) = -50*x - 137. Determine b(-3).
13
Let m(b) = 18*b**2 - 6*b + 6. Give m(-5).
486
Let s(i) = 1525*i - 13723. Calculate s(9).
2
Let z(r) = -r**2 + 164*r - 5566. Calculate z(116).
2
Let o(n) = -3*n**2 + 33*n + 50. Calculate o(12).
14
Let j(a) = -8*a**3 - 31*a**2 + 59*a. What is j(2)?
-70
Let w(l) = 2*l**2 + 683*l - 7661. Give w(11).
94
Let d(g) = 3*g**3 + 119*g**2 - 41*g - 51. Calculate d(-40).
-11
Let g(a) = 5*a**2 - 89*a + 35. Give g(20).
255
Let t(b) = -50*b**2 + 725*b - 346. Calculate t(14).
4
Let v(y) = -3*y**2 - 59*y + 2815. What is v(-42)?
1
Let w(k) = -33*k + 946. Determine w(28).
22
Let g(h) = 5*h**2 - 41*h - 509. Calculate g(15).
1
Let y(a) = -5*a + 34. Calculate y(6).
4
Let h(a) = -69*a - 1042. What is h(-15)?
-7
Let m(o) = -24*o**2 - 2*o + 10. Give m(3).
-212
Let v(x) = -25*x**3 - 128*x**2 - 4*x + 15. Give v(-5).
-40
Let o(h) = 10*h - 232. Determine o(33).
98
Let y(v) = 3*v**2 + 112*v + 15. Calculate y(-41).
466
Let o(z) = z**2 + 27*z + 167. Calculate o(-7).
27
Let t(d) = -2*d**2 + 25*d + 19. Calculate t(17).
-134
Let m(z) = z**3 + 33*z**2 + 29*z - 82. Determine m(-32).
14
Let t(s) = s**3 + 36*s**2 + 151*s + 7. Calculate t(-31).
131
Let j(a) = -a**2 - 17*a + 10. Determine j(3).
-50
Let y(q) = 2649*q + 52982. What is y(-20)?
2
Let m(k) = -k**2 - 22*k + 15. Give m(-26).
-89
Let c(g) = -1482*g + 11862. Determine c(8).
6
Let x(c) = -c**2 + 281*c - 17760. Determine x(96).
0
Let c(m) = -2*m**3 - 45*m**2 + 29*m + 155. Calculate c(-23).
17
Let t(f) = f**2 - 21*f + 98. What is t(12)?
-10
Let d(a) = -9*a + 1111. Give d(123).
4
Let k(u) = -25*u + 431. Calculate k(15).
56
Let x(p) = p**2 + 43*p - 189. What is x(8)?
219
Let x(z) = z**3 + 13*z**2 + 42*z + 95. Calculate x(-5).
85
Let x(i) = 55*i - 184. Calculate x(3).
-19
Let k(u) = 17*u**2 + 168*u - 35. Calculate k(-10).
-15
Let c(b) = -b**3 + 70*b**2 - 594*b - 365. What is c(60)?
-5
Let r(z) = -5*z + 323. What is r(64)?
3
Let l(t) = 2*t**2 + 21*t - 414. Determine l(10).
-4
Let o(x) = 11*x**2 + 194*x + 47. Give o(-18).
119
Let r(p) = -237*p - 3797. Determine r(-16).
-5
Let v(x) = -4*x**3 - 65*x**2 - 14*x + 65. Give v(-16).
33
Let d(u) = 3*u**2 - 6*u - 85. Determine d(7).
20
Let t(j) = 2*j**2 - 106*j + 626. What is t(6)?
62
Let x(v) = 44*v**2 + 198*v - 1. Calculate x(-5).
109
Let y(p) = -86*p - 4304. Calculate y(-50).
-4
Let l(m) = 3*m**2 + m - 113. Calculate l(7).
41
Let n(s) = 3*s + 334. Give n(-19).
277
Let d(r) = -r**2 + 369*r - 1496. What is d(4)?
-36
Let f(o) = -36*o - 130. 